7 - 4). Let t = f + -55. Let n be (t/10)/((-8)/160). Calculate the highest common divisor of n and 56.
8
Suppose 6*d - 2*d - 965 = -5*t, 5*d = -25. Suppose -2*s + 110 = -k + 33, -5*s + k + t = 0. What is the highest common divisor of 50 and s?
10
Let g = 1758 - 1648. Let l(p) = p**2 + 3*p + 7. Let r be l(-4). What is the greatest common divisor of g and r?
11
Let j = 58 - 59. Let q = j - -26. Suppose 2*g - q = g + 5*i, -3*i = -3*g + 63. Calculate the greatest common divisor of 40 and g.
20
Suppose 4*b - 660 = -y, 0 = -5*b + 3*y - 16 + 858. Suppose 0 = 3*w - 15*g + 11*g - b, 0 = -4*g + 8. What is the highest common divisor of w and 2?
2
Suppose 0 = 2*i - a - 15, 6*i - i = 4*a + 39. Suppose i*b - 160 = 2*b. Suppose 160 = b*w - 28*w. Calculate the greatest common divisor of 50 and w.
10
Suppose 3*n + 30 = -3*g, 0 = 5*g - 2*n + 22 + 49. Let c = g - -20. Suppose -11 = 8*k - 19. What is the highest common factor of k and c?
1
Suppose s + t = 9000, -299*t + 295*t - 26951 = -3*s. What is the highest common factor of s and 34?
17
Let m = 86 + -60. Suppose j - 35 = -2*d + 6*j, 5 = -3*d - 4*j. Suppose 0 = -6*g + d*g + 2*t + 35, -2 = -t. What is the highest common divisor of m and g?
13
Suppose -u - 8 = 3*b, u + 6*b + 14 = 2*b. What is the greatest common factor of u and 15?
5
Suppose -24 = 9*w + 300. Let a be 44/w + 1 + (-552)/(-54). What is the highest common divisor of 20 and a?
10
Suppose 0 = 26*s - 17*s. Let f be (-9)/54*-15*(s + 2). What is the greatest common divisor of f and 15?
5
Let p be (-10 + 11)/(1/(-1)). Let m be 35*p/((-1)/3). Let d(y) = -52*y + 42. Let n be d(0). What is the greatest common divisor of m and n?
21
Suppose 5*k = -4*j + 23, 0 = k - 8*j + 3*j - 22. Let c be -126*((-15)/(-5))/9. Let z be 9/((-174)/c - 4). What is the highest common factor of k and z?
7
Suppose 5*l = y - 982, -4*l - 6092 + 1140 = -5*y. What is the highest common factor of 24 and y?
8
Suppose 0 = 10*q + 5*q - 2*q. Suppose 10*m - 960 - 510 = q. Suppose 0 = 5*r - d - 104, -4*r + 0*d - 3*d + 87 = 0. What is the greatest common factor of m and r?
21
Let i(j) = -40*j + 1735. Let u be i(34). What is the greatest common divisor of 180 and u?
15
Suppose 34*g = 4*t + 32*g - 2970, -4*t + 5*g = -2979. Suppose 99*f + t = 100*f. Calculate the greatest common factor of f and 39.
39
Suppose -4*j + 5*j = 5. Suppose -2*m - 3*y + 12 = -21, 63 = 4*m + j*y. Let z = -8482 + 8530. What is the highest common divisor of z and m?
12
Suppose 40020 + 86610 = 335*i. What is the highest common divisor of 4410 and i?
126
Suppose 0 = -4*f + 185 + 55. Let d(n) = n**3 - 83*n**2 + 162*n + 210. Let k be d(81). Calculate the greatest common divisor of k and f.
30
Let z be (-3)/(-4) - 4*(-9)/(-48). Suppose 3*a - 5*r - 36 = z, 6 = a - r - 6. What is the greatest common factor of 132 and a?
12
Let u = -525 + 560. Suppose u*p = -18*p + 1166. Let w(v) = -8*v**3 + 2*v**2 - 3*v - 1. Let a be w(-3). What is the greatest common factor of p and a?
22
Suppose 12*r + 6 = 13*r. Suppose w = -6*y + 3*y - 7, 4*y = -3*w - r. Let f be w + 1 + (-168)/(-4). What is the greatest common factor of f and 5?
5
Let x = -6869 - -10819. What is the greatest common divisor of 316 and x?
158
Suppose 37*y = 33*y + 2060. Let v = 526 - y. Suppose 0 = -3*o + 8*o - 165. Calculate the highest common divisor of o and v.
11
Let d(q) = 11*q + 4*q**2 + 12*q - 5*q**2 - 33. Suppose -24*o + 45*o = 252. Let j be d(o). Calculate the greatest common divisor of j and 11.
11
Suppose 6*q - q = 1820. Let w(n) = 9*n**2 + 171*n + 28. Let u be w(0). Calculate the greatest common divisor of u and q.
28
Let k(n) = 13*n**2 + 4*n - 6*n**2 - 6*n - 5*n**2 + 2. Let g be k(3). Suppose -q + 2*q = g. What is the highest common divisor of q and 21?
7
Suppose 2*u + 11 = k, -4*k - 5*u + 107 = -15. What is the highest common divisor of k and 9?
1
Let h = -756 - -784. What is the highest common factor of h and 1946?
14
Let k be (-6 + 9)/(39/25506). What is the greatest common divisor of 6 and k?
6
Let w = 1964 + -1961. Let s = -16 - -2. Let l = 26 + s. What is the greatest common divisor of w and l?
3
Let h be 147105/18 + -4 - 9/(-6). Calculate the highest common factor of 215 and h.
215
Let z(s) = 25*s + 137. Let f be z(-5). What is the greatest common factor of 498 and f?
6
Suppose -4*k - 10*k = -2772. Suppose -5*b + 13 = -7. Suppose -2*x = -b*p - 60, -130 = -5*x + 3*p + 2*p. What is the greatest common divisor of x and k?
22
Suppose -5*x + 9*s + 538 = -119, -3*x = -2*s - 418. What is the greatest common factor of x and 189?
9
Let r(a) = 6*a**3 - a**2 - 5*a + 65. Let w be r(5). What is the greatest common divisor of w and 18?
9
Let z = 410 - 366. Suppose 2*g + 170 = 3*j, 279 = 5*j + 2*g - g. Suppose -2*o + j = 12. Calculate the highest common factor of z and o.
22
Suppose 0 = 170*j - 178*j - 288. Let u(s) = -8*s - 98. Let x be u(j). What is the greatest common divisor of x and 114?
38
Let g(h) = 14*h - 67. Let w = 378 - 372. Let u be g(w). Calculate the highest common divisor of u and 459.
17
Suppose 1544 - 10368 = -38*t + 12760. Calculate the greatest common factor of 12638 and t.
142
Suppose 37*x = 30*x. Suppose x = -11*d + 33 + 66. Calculate the highest common divisor of d and 27.
9
Suppose 4*l - 419 = -3*b, 2*l + 5*b = l + 109. Suppose -164*n + 666 = 84*n + 85*n. What is the highest common divisor of n and l?
2
Let f(q) = -q**3 + 13*q**2 - 18*q + 23. Suppose 0 = 4*v - j - 45, 2*j - 13 = 5*v - 70. Let n be f(v). What is the highest common factor of n and 469?
67
Let j = -6512 + 6520. What is the greatest common divisor of j and 200?
8
Suppose 5*o + 4*b - 94 - 26 = 0, -3*o = -b - 72. Calculate the highest common divisor of 1248 and o.
24
Let z(t) = t**3 - 14*t**2 + 33*t + 4. Let g be z(11). Calculate the highest common factor of g and 74.
2
Let t be (-20)/(2 + (-6)/2). Let u = 73 - t. Let x = u - 45. What is the highest common divisor of x and 56?
8
Let y(b) be the second derivative of -b**3/6 + 79*b**2 - 20*b - 3. Let h be y(-40). What is the greatest common factor of 44 and h?
22
Let r = 48 - 28. Let n = -109 + 112. Suppose -u = -5*u + 4, 0 = q + n*u - 43. Calculate the highest common factor of q and r.
20
Let w be 25/2 - 6/(-4). Let o = -5569 + 5681. Calculate the highest common factor of o and w.
14
Suppose -6*j = 12*j - 666. Let l(z) = z**3 - 38*z**2 + 39*z - 59. Let q be l(j). What is the greatest common divisor of 12 and q?
3
Let o(g) = -2*g**3 + 7*g**2 - g. Let h be o(-4). Let y = h - 167. Let a be -11*((-6)/3 + 1). What is the greatest common factor of y and a?
11
Suppose 8*h + 0*h - 1064 = -232. What is the highest common divisor of h and 7800?
104
Suppose -11*j + 9085 = 6599. Calculate the greatest common factor of 3051 and j.
113
Suppose -382*l = -634*l + 15624. What is the highest common factor of 12679 and l?
31
Suppose -43*d + 683968 = 29*d - 1502024. What is the highest common divisor of d and 313?
313
Let g be 294517/1555 - (-7)/(-5). Calculate the highest common factor of g and 1457.
47
Let k be ((-15444)/(-693))/(((-20)/(-25))/((-28)/(-10))). Calculate the greatest common factor of k and 5720.
26
Let w(c) = 578*c + 215. Let f be w(5). Calculate the highest common factor of 115 and f.
115
Let a = -124 + 131. Suppose -d + a = 2. Calculate the greatest common divisor of d and 25.
5
Suppose 15588 = 4*t + 3*l, -8*t + 2*l = -9*t + 3892. What is the highest common factor of t and 52?
52
Let v(h) = 15*h**2 - 36*h - 16. Let k(u) = u**2 - 2*u - 1. Let l(z) = 102*k(z) - 6*v(z). Let i be l(-5). Calculate the highest common divisor of i and 26.
26
Suppose -51*d + 5*d = -506. Calculate the highest common divisor of d and 3091.
11
Let p be 14/(-7) - 31/(186/(-16992)). What is the greatest common factor of p and 40?
10
Let o = 3090 - -728. Calculate the highest common divisor of 332 and o.
166
Let o(p) = 16*p - 48. Let n be o(9). Calculate the highest common factor of n and 636.
12
Let k = 1633 - -1674. Suppose 49*y - k = -612. What is the greatest common factor of y and 143?
11
Let l(a) = 2*a**2 + 1319*a + 6578. Let u be l(-5). What is the greatest common divisor of u and 216?
3
Let k be 18/15*15/(-6). Let j be (4 - 112/12)/(1/k). Let v(c) = c**2 - 13*c + 32. Let g be v(j). Calculate the greatest common divisor of 16 and g.
16
Let p = -7 - -30. Let o =